ite number?
False
Let b be (-54)/(-13) + (-2)/13. Suppose g = -0*g + b. Is 1*30 - (0 - g) a prime number?
False
Suppose 20*t = 19*t + 37. Is t composite?
False
Let h be 15248/48*(5 - -1). Is h/8 + (-3)/(-4) a composite number?
False
Suppose -5*m + 21044 = -52451. Is m a composite number?
False
Let z(c) = -6*c**3 - 10*c - 7. Let j(g) = 5*g**3 + g**2 + 9*g + 6. Let y(v) = -5*j(v) - 4*z(v). Let b be y(-4). Is (b + -3)/(2/(-614)) a prime number?
True
Let k(i) = 78*i**2 - 162*i - 19. Is k(9) composite?
True
Let n(m) = -11*m + 37 - 4*m + 24*m. Is n(10) prime?
True
Let u(g) be the second derivative of 23*g**6/180 - g**5/60 - g**4/24 - g**3/6 - 3*g. Let z(h) be the second derivative of u(h). Is z(-2) prime?
False
Suppose -4*x - 32 = -44. Suppose 4*g = -4*w + 681 + 1183, -x*w = -g + 470. Is g prime?
True
Let u = -47 - -51. Suppose -d - u*t = -1121, -2*d - t = -1427 - 808. Is d composite?
False
Let r be (-2)/(4/(-48)*-4). Is 371 + r/2 + 3 a composite number?
True
Let a(p) be the second derivative of 5*p**4/6 - p**3/2 - 17*p**2/2 - 27*p. Is a(-8) a composite number?
False
Let s be (13/4)/(1/4). Is (-15 + s)/((-2)/641) a prime number?
True
Suppose -4*v + 5*s + 8701 = 0, 5083 = 2*v - s + 728. Is v a composite number?
False
Let j(k) = 3968*k**2 - 178*k + 177. Is j(1) prime?
True
Let u(r) be the third derivative of 7*r**5/30 - 2*r**4/3 + r**3/6 - 40*r**2. Is u(13) a composite number?
True
Let v = 167503 - 111860. Is v a prime number?
False
Let u(m) = 9*m**3 - 41*m**2 + 20*m + 1. Let x(c) = 5*c**3 - 21*c**2 + 10*c + 1. Let o(w) = -6*u(w) + 11*x(w). Is o(-9) composite?
True
Let u be (1 - 1) + (16 - 2). Let c = u - 28. Let t = -3 - c. Is t a composite number?
False
Suppose 10*l - 30*l = -170900. Is l composite?
True
Let z(f) = f**2 + 3*f - 10. Let q be z(3). Suppose d + 2*b - 10 = 0, 0*b + 29 = 2*d - 5*b. Suppose q*l - d*l = -140. Is l a prime number?
False
Let z be ((-294)/8)/(9/(-168)). Let n = z + -100. Is n a composite number?
True
Let k(b) = 29512*b**3 - 2*b**2 + 3*b + 2. Is k(1) composite?
True
Suppose 0 = -9*m + 7*m + 20. Suppose j + 6 - m = 0. Suppose j*d + 2229 = 5*h, -5*d = 3*h - 4*h + 450. Is h composite?
True
Let h = 12 + -9. Let l be (4/h)/(9/27). Suppose 0 = -5*z + l*z + 53. Is z a composite number?
False
Suppose -3*f + 111429 = -3*p, -4*p + 49282 = 2*f - 24992. Suppose 0 = -z + 14*z - f. Is z composite?
False
Let q(u) = -10*u**2 + 3*u + 64. Let y(l) = 3*l**2 - l - 21. Let t(f) = -2*q(f) - 7*y(f). Let s be t(0). Let b = 182 - s. Is b prime?
True
Let z(l) = 2*l**3 - 2*l - 8. Suppose 5*m = 3*k - k + 3, 6 = 2*m. Let r be z(k). Suppose 4*o - r = 168. Is o a prime number?
False
Let f be (-4)/6 + 16/6. Let q be 5/f*60/25. Suppose q*p - p = -5*w + 625, w = -2*p + 123. Is w a composite number?
False
Let u(i) = -i**2 + 8*i - 6. Let r be u(6). Let l(v) = v - 4 + v**2 - r*v + 5. Is l(-13) composite?
True
Suppose 2*s - 2 = -t + 4, 14 = 4*t + 3*s. Suppose 4*m - 3295 = -5*o, -6*m + t*m + 1318 = 2*o. Is o prime?
True
Suppose -7*t = 3*t - 160. Is 4/t - (-8460)/16 a prime number?
False
Let o be 195/(-13)*49/3. Let d = 591 + o. Let w = 603 - d. Is w a prime number?
True
Is (546/(-546))/((-27240)/27239 + 1) a composite number?
False
Is 22/(-165) + 206241/45 a composite number?
False
Suppose -145 = -16*k + 21*k. Is k/((1/(-69))/((-10)/(-30))) composite?
True
Let o be (-3 + 0 - -18) + -3. Let l(m) = m**2 - 11*m - 8. Let h be l(o). Suppose -h*g - s + 513 = 0, -2*g - g + 376 = -s. Is g prime?
True
Let h = 713 + 816. Is h prime?
False
Let j be 9/6*56/21. Suppose 2*z = y + z - 2158, j*z + 4318 = 2*y. Is y a prime number?
False
Let d(q) = q**2 - 2*q**2 - 3*q + 6*q**2 + 1. Let u = -1 + 7. Is d(u) a prime number?
True
Let w(t) = 3*t - 1. Let x be w(1). Let n be (-2 - 3) + 3 - x. Is (298/n)/(3/(-6)) a prime number?
True
Suppose c + 2111 = 5*l - 2924, 0 = -c. Is l a composite number?
True
Let n(c) = c**3 + 5*c**2 - 19*c - 8. Is n(15) a prime number?
False
Suppose 5*j - 4295 = 5*n, 4*j - 3*n = -0*j + 3436. Is j composite?
False
Suppose 2*n = -2 + 6. Is (-456)/(-10) + n/5 composite?
True
Suppose -1511 = -331*u + 330*u. Is u a composite number?
False
Suppose 3*v + 11 + 7 = 0. Is (-42)/35*3585/v a prime number?
False
Let m = 2042 - 1271. Is m a composite number?
True
Suppose -146875 = -40*i - 3635. Is i a prime number?
True
Suppose -3*y + y = 4*u - 17292, y - 4 = 0. Is u composite?
True
Suppose n - 24 = -18. Suppose -1286 = -n*c + 2560. Is c composite?
False
Let m = 162 - 159. Is (-30864)/(-36) + 5/m a composite number?
False
Let j(k) = -k + 119. Let w(r) = r**2 - 1. Let h be w(-1). Is j(h) prime?
False
Let z be 4093/9 - 8/(-36). Let x = 681 - z. Suppose q - x = -0*q. Is q a composite number?
True
Is 20/70 - 4415*(-2)/14 a composite number?
False
Let i be (-3)/(-4) + (-1698)/(-8) + -3. Let n = -41 - -138. Let q = i - n. Is q a prime number?
True
Let k = 2430 + 1713. Is k a composite number?
True
Let q(v) = 132*v**3 - v. Suppose 0*f = 3*f - 12. Suppose 0 = -f*r - 2 + 6. Is q(r) prime?
True
Is 70692/7 - 11/(-77) composite?
False
Let t = 804 + -117. Is t a prime number?
False
Let h(f) = -2*f - 7 - 8 - 3 + 7. Let s be h(-6). Is (494/4)/(s/2) a prime number?
False
Suppose 18 = 3*i - 9. Suppose -i*c + 12*c = 879. Is c a composite number?
False
Let d be 1 + 3*(1 + 0). Suppose 0 = -4*x - 3*f - 120 - 3, -5*x = d*f + 155. Let j = 64 + x. Is j prime?
True
Let i = 5196 + -143. Is i composite?
True
Is -4*(-9 + (-453540)/48) prime?
True
Suppose 0 = -4*d + 1 - 1. Let t be 1 + 110/4*4. Suppose -2*w - 19 + t = d. Is w composite?
True
Suppose 0 = -5*t + 446099 - 86584. Is t prime?
False
Let l(z) = -16*z - 31. Let t be l(10). Let u = 104 - t. Is u prime?
False
Let b(p) = -p - 8. Let l be b(-11). Let u(v) = -3*v**2 + 4*v**2 + 887*v**l + 4*v - 3*v. Is u(1) composite?
True
Let x = 19606 - 13361. Is x a prime number?
False
Suppose 10*p = 35*p - 88925. Is p prime?
True
Suppose 0 = 5*i, 0 = -4*n - 4*i + 5*i + 11596. Is n a prime number?
False
Is 174*(-92)/(-12) + (4 - 1) a prime number?
False
Let i = -8562 - -19433. Is i composite?
True
Let d be (1/3)/(1772/(-354) + 5). Let t = 0 - d. Is t a composite number?
False
Let i be (-2)/((8 + -4)/(-20)). Suppose 3 + 13 = 2*v + 4*j, 2*j = 2*v - i. Suppose -v = 4*u - 6178. Is u composite?
False
Suppose 5*v - 5 = -5*y, -v + 4*y = 3*y + 1. Let b be (0 - -1 - 0) + 2. Suppose -q + 252 = -b*t, -1247 = -5*q - v*t + 2*t. Is q prime?
False
Let j(o) = 4*o - 19 + 15*o + 0*o + 8*o. Suppose y - 5 - 5 = 0. Is j(y) composite?
False
Let v(o) = -176*o - 33. Let f be v(-4). Let s = 780 + f. Is s a prime number?
True
Let k(y) = y**2 - 6*y - 5. Let g be k(6). Is ((-2)/4)/(g - 5538/(-1108)) composite?
False
Suppose -3*q = -3 - 0. Let v be q/((-1)/4) + 14. Suppose -14*z + 1636 = -v*z. Is z a prime number?
True
Suppose 0 = -0*q - 2*q. Suppose -3*r + 2*f + 5 = 2*r, 4*r - 2*f - 2 = q. Suppose -4*i = -r*b - 251, 0*b - 15 = -5*b. Is i a composite number?
True
Suppose 0 = -2*g + 9*g - 8365. Is g prime?
False
Suppose 17*k = 14*k - 963. Let a = 467 + k. Is a composite?
True
Suppose 3*n = -3*p - 2682, -2702 = 3*p - 2*n - 0*n. Let z = p + 1856. Is z a prime number?
False
Suppose q = m - 1379, 3*q + 3*m = 2549 - 6686. Is q/(-2) - (-4)/(-8) a prime number?
False
Suppose -24*c - 22622 = -26*c. Is c prime?
True
Suppose 66 = 8*f + 34. Suppose 16*j - 1538 = 13*j + f*b, -3*j + 1539 = -3*b. Is j composite?
True
Suppose 0 = -30*n + 28*n + 4*z + 51490, 4*z = -4*n + 102956. Is n prime?
True
Let x be 693/135 - 2/15. Let m(g) = 49*g + 6. Is m(x) a prime number?
True
Let l(g) = g**3 + 35*g**2 - 22*g - 49. Is l(-15) a prime number?
False
Suppose -2*a - 550 = 4*w - 3840, 5*w + 2*a - 4111 = 0. Is w a prime number?
True
Let n(x) = -27*x**3 - 2*x**2 - 3*x - 4. Let j be n(-2). Is j/66 - (-2)/(-11) - -304 a composite number?
False
Let l be (-42)/9*3 + 2. Let p be 3/l + 17/4. Let v = p + 6. Is v composite?
True
Suppose 25 = 5*q + 4*n, -4*n - 29 = -4*q + 3*q. Suppose 0 = -q*r + 4*r + 385. Suppose 4*y - 5*y = -r. Is y a prime number?
False
Let o(k) = 251*k**3 - 2*k**2 + 2*k + 1. Let s be o(2). Suppose 0 = 2*a + 5*u - 2*u - 802, -u = 5*a - s. Is a prime?
True
Suppose 2050 = 5*y + 250. Suppose -3*i = -y - 3147. Is i a composite number?
True
Let i(o) = -o**2 + 11*o - 5. Let w be i(10). Suppose 2*l = 0, 796 = 4*p + w*